{"id":474,"date":"2025-12-25T18:30:44","date_gmt":"2025-12-25T18:30:44","guid":{"rendered":"https:\/\/oasisdesjardins.com\/?post_type=product&#038;p=474"},"modified":"2026-02-16T17:38:45","modified_gmt":"2026-02-16T17:38:45","slug":"la-maisonette","status":"publish","type":"product","link":"https:\/\/oasisdesjardins.com\/?product=la-maisonette","title":{"rendered":"La maisonette &#8211; M\u00e9sange"},"content":{"rendered":"<p><span class=\"notion-enable-hover\" data-token-index=\"0\">La Maisonnette<\/span> est un nichoir artisanal en bois, au design inspir\u00e9 d\u2019une petite maison. Sobre et charmant, il dispose d\u2019un toit ouvrant avec loquet pour un nettoyage facile, d\u2019une gravure laser et d\u2019une finition ext\u00e9rieure prot\u00e9g\u00e9e par un vernis \u00e9cologique. L\u2019int\u00e9rieur reste brut pour le confort des oiseaux. Fabriqu\u00e9e en France, elle transforme votre jardin en un refuge accueillant pour le vivant.<\/p>\n<p><strong>Caract\u00e9ristiques :<\/strong><\/p>\n<ul>\n<li><strong>Bois<\/strong> : pin naturel \u00e9pais, trait\u00e9 \u00e0 l\u2019ext\u00e9rieur avec un <strong>vernis biologique<\/strong>, int\u00e9rieur <strong>non trait\u00e9<\/strong> pour \u00e9viter toute contamination chimique.<\/li>\n<li><strong>Finition<\/strong> : brou de noix appliqu\u00e9 pour r\u00e9v\u00e9ler la beaut\u00e9 naturelle du bois.<\/li>\n<li><strong>Toit<\/strong> : charni\u00e8re pour un <strong>nettoyage annuel facile<\/strong> et <strong>un loquet avec ressort<\/strong> pour une fermeture solide.<\/li>\n<li><strong>Trou d\u2019envol<\/strong> : 30 mm, id\u00e9al pour <strong>m\u00e9sanges bleues, charbonni\u00e8res, nonnettes, hupp\u00e9es<\/strong> et autres petits passereaux.<\/li>\n<\/ul>\n<p><em>Nb : Le nichoir est volontairement con\u00e7u sans perchoir : les oiseaux n\u2019en ont pas besoin pour entrer, et cela limite l\u2019acc\u00e8s aux pr\u00e9dateurs.\u00a0<\/em><\/p>\n","protected":false},"excerpt":{"rendered":"<p><span class=\"notion-enable-hover\" data-token-index=\"0\">La Maisonnette<\/span>\u00a0: nichoir artisanal en bois, au design de petite maison, toit ouvrant, gravure personnalisable, int\u00e9rieur brut et ext\u00e9rieur prot\u00e9g\u00e9 par une huile \u00e9cologique. Fabriqu\u00e9e en France, elle transforme votre jardin en refuge pour le vivant.<\/p>\n","protected":false},"featured_media":666,"comment_status":"open","ping_status":"closed","template":"","meta":{"site-sidebar-layout":"default","site-content-layout":"","ast-site-content-layout":"default","site-content-style":"default","site-sidebar-style":"default","ast-global-header-display":"","ast-banner-title-visibility":"","ast-main-header-display":"","ast-hfb-above-header-display":"","ast-hfb-below-header-display":"","ast-hfb-mobile-header-display":"","site-post-title":"","ast-breadcrumbs-content":"","ast-featured-img":"","footer-sml-layout":"","ast-disable-related-posts":"","theme-transparent-header-meta":"default","adv-header-id-meta":"","stick-header-meta":"","header-above-stick-meta":"","header-main-stick-meta":"","header-below-stick-meta":"","astra-migrate-meta-layouts":"set","ast-page-background-enabled":"default","ast-page-background-meta":{"desktop":{"background-color":"var(--ast-global-color-4)","background-image":"","background-repeat":"repeat","background-position":"center center","background-size":"auto","background-attachment":"scroll","background-type":"","background-media":"","overlay-type":"","overlay-color":"","overlay-opacity":"","overlay-gradient":""},"tablet":{"background-color":"","background-image":"","background-repeat":"repeat","background-position":"center center","background-size":"auto","background-attachment":"scroll","background-type":"","background-media":"","overlay-type":"","overlay-color":"","overlay-opacity":"","overlay-gradient":""},"mobile":{"background-color":"","background-image":"","background-repeat":"repeat","background-position":"center center","background-size":"auto","background-attachment":"scroll","background-type":"","background-media":"","overlay-type":"","overlay-color":"","overlay-opacity":"","overlay-gradient":""}},"ast-content-background-meta":{"desktop":{"background-color":"var(--ast-global-color-5)","background-image":"","background-repeat":"repeat","background-position":"center center","background-size":"auto","background-attachment":"scroll","background-type":"","background-media":"","overlay-type":"","overlay-color":"","overlay-opacity":"","overlay-gradient":""},"tablet":{"background-color":"var(--ast-global-color-5)","background-image":"","background-repeat":"repeat","background-position":"center center","background-size":"auto","background-attachment":"scroll","background-type":"","background-media":"","overlay-type":"","overlay-color":"","overlay-opacity":"","overlay-gradient":""},"mobile":{"background-color":"var(--ast-global-color-5)","background-image":"","background-repeat":"repeat","background-position":"center center","background-size":"auto","background-attachment":"scroll","background-type":"","background-media":"","overlay-type":"","overlay-color":"","overlay-opacity":"","overlay-gradient":""}}},"product_brand":[],"product_cat":[23],"product_tag":[],"class_list":{"0":"post-474","1":"product","2":"type-product","3":"status-publish","4":"has-post-thumbnail","6":"product_cat-cabanes-a-oiseaux","7":"desktop-align-center","8":"tablet-align-left","9":"mobile-align-left","11":"first","12":"instock","13":"shipping-taxable","14":"purchasable","15":"product-type-simple"},"jetpack_sharing_enabled":true,"_links":{"self":[{"href":"https:\/\/oasisdesjardins.com\/index.php?rest_route=\/wp\/v2\/product\/474","targetHints":{"allow":["GET"]}}],"collection":[{"href":"https:\/\/oasisdesjardins.com\/index.php?rest_route=\/wp\/v2\/product"}],"about":[{"href":"https:\/\/oasisdesjardins.com\/index.php?rest_route=\/wp\/v2\/types\/product"}],"replies":[{"embeddable":true,"href":"https:\/\/oasisdesjardins.com\/index.php?rest_route=%2Fwp%2Fv2%2Fcomments&post=474"}],"wp:featuredmedia":[{"embeddable":true,"href":"https:\/\/oasisdesjardins.com\/index.php?rest_route=\/wp\/v2\/media\/666"}],"wp:attachment":[{"href":"https:\/\/oasisdesjardins.com\/index.php?rest_route=%2Fwp%2Fv2%2Fmedia&parent=474"}],"wp:term":[{"taxonomy":"product_brand","embeddable":true,"href":"https:\/\/oasisdesjardins.com\/index.php?rest_route=%2Fwp%2Fv2%2Fproduct_brand&post=474"},{"taxonomy":"product_cat","embeddable":true,"href":"https:\/\/oasisdesjardins.com\/index.php?rest_route=%2Fwp%2Fv2%2Fproduct_cat&post=474"},{"taxonomy":"product_tag","embeddable":true,"href":"https:\/\/oasisdesjardins.com\/index.php?rest_route=%2Fwp%2Fv2%2Fproduct_tag&post=474"}],"curies":[{"name":"wp","href":"https:\/\/api.w.org\/{rel}","templated":true}]}}